 is the greatest common divisor of x and 2?
2
Suppose 5*u = 4*x - 377 - 3059, 0 = 4*x - u - 3420. Let k = -338 + x. Calculate the highest common divisor of 12 and k.
12
Let r(g) = -g + 7. Let m be r(-7). Let b = 42373 - 42369. Calculate the highest common divisor of b and m.
2
Suppose -o + l + 426 = 0, -2041 + 313 = -4*o - 4*l. Suppose -o*b = -423*b - 210. Calculate the greatest common divisor of 35 and b.
35
Suppose -2*t = a - 42 - 143, a = -4*t + 185. Calculate the greatest common divisor of a and 222.
37
Let m = -133 - -132. Let y be m + 6 - (2 + -1)*1. Suppose -13 = 3*z - 4*z - 2*i, -y*z + 4*i + 100 = 0. What is the greatest common factor of z and 21?
21
Suppose -36*y + 0*y + 3362 = 5*y. Calculate the highest common factor of 6 and y.
2
Suppose 2*f + 0*r - 44 = 2*r, 2*f - 44 = -5*r. Let u = 176 - -22. What is the greatest common factor of u and f?
22
Let w(g) = 9*g + 30. Let x be w(-4). Let l be x/(-12) - (3 + 7/(-2)). What is the highest common divisor of l and 1?
1
Let i(d) = 16*d**2 + 15*d - 279. Let a be i(13). What is the greatest common divisor of 20 and a?
20
Let a = 762 + -114. What is the greatest common factor of a and 8?
8
Let x be (-4 + 1)/(171/(-456)). Suppose -2*k = d - 22, -11*k + 13*k + x = 0. Let n(s) = 3*s. Let o be n(4). Calculate the highest common divisor of o and d.
6
Let z(o) be the first derivative of -o**3/3 - 9*o**2/2 + 24*o + 89. Let g be z(-10). Calculate the greatest common divisor of 189 and g.
7
Let c be (-97)/(-6) - ((-28)/(-24))/7. Let q(j) be the first derivative of 11*j**3/3 + 15. Let x be q(4). What is the greatest common factor of c and x?
16
Let b be ((-6)/4)/(3/(-66)). Let q be (-7)/(5/(105/(-49))). Calculate the highest common factor of q and b.
3
Let p(o) = o**3 - 13*o**2 - 29*o + 16. Let j be p(15). Let d(q) = 2*q + 124. Let i be d(0). What is the greatest common factor of i and j?
31
Let n = 131 + -123. Let j be 31 - ((n - 15) + 3). What is the highest common factor of j and 28?
7
Suppose 46*p + 28 = 53*p. Let u be -1*10*(-42)/p. What is the highest common divisor of u and 7?
7
Let m be (0 + (-56)/(-3))*(-4 + (-5056)/(-79)). Calculate the highest common divisor of m and 680.
40
Let m = -7 + 15. Suppose 2*j - 4 = -b, 0 = -4*j + 4*b - 8 - 8. Let a(f) = -f**2 + f + 56. Let w be a(j). What is the greatest common divisor of w and m?
8
Let i be (-10)/(-6) - (25024/51)/(-8). Calculate the highest common factor of 1449 and i.
63
Suppose t + 4*t = -r + 70, -3*r = 4*t - 67. Let w = 17 + t. Suppose -4*y - 42 = -5*k, 56 = 4*k + k + 3*y. What is the highest common divisor of k and w?
10
Let a(x) = -5*x**2 - 34*x + 116. Let w be a(-8). What is the greatest common divisor of w and 8636?
68
Let a be -1 + 5160 + 63 + -64 + (-8)/2. Calculate the greatest common factor of 6 and a.
6
Let s be (-2552)/(-87) + 10/(-3). What is the greatest common factor of 2 and s?
2
Let q(k) = 2*k**2 + 57*k + 130. Let z be q(-40). Calculate the highest common factor of z and 336.
42
Let x be (-19)/2 + 8 - 342/(-4). Let k be x/(-10)*(-320)/96. Calculate the greatest common divisor of 252 and k.
28
Let u(n) = 2*n**2 + 17*n + 94. Let q be u(-11). Let v = -9 + 14. Let t = q - v. What is the greatest common divisor of 18 and t?
18
Let v = 21 + -15. Suppose 4*t + 66 = g + 319, 3*t = -5*g + 161. Suppose t = -v*f + 788. What is the highest common divisor of f and 11?
11
Let h = -6710 + 6790. What is the greatest common divisor of h and 2032?
16
Let f(n) = n**3 + 7*n**2 + 9*n - 2. Let o be f(-5). Suppose -9*y + 4*y + o*w = -4110, 5*y = -5*w + 4070. What is the highest common factor of 91 and y?
91
Let b be ((-752)/3)/((-11)/(-2376)*-12). Calculate the greatest common divisor of b and 3.
3
Suppose 0 = 70*z - 8172 - 3028. Calculate the highest common divisor of z and 50.
10
Let v be 16/((-576)/(-7173)) + (-3)/(-4). Let q = 131 + -48. Suppose 3*b + 8 = q. What is the highest common factor of v and b?
25
Let q = 37 + -35. Let z(t) = 0*t**q + 2*t**2 - t**2 - 2 + 7*t - 1. Let h be z(-12). What is the greatest common divisor of h and 38?
19
Suppose 6*w - w - 1315 = 5*q, -3*q = 5*w - 1291. Suppose 0 = 127*g - 114*g - w. What is the greatest common divisor of 190 and g?
10
Suppose 0 = 5*w + 5*g - 20, w + 1 = -5*g - 11. What is the greatest common divisor of 19 and w?
1
Let w(q) = q**3 - q. Let d(p) = -5*p**3 + 34*p**2 + 4*p - 12. Let f(y) = d(y) + 3*w(y). Let g be f(17). Calculate the greatest common factor of g and 3.
1
Let g(y) = 99*y**2 - 1. Let o be g(-1). Let k = -114 - -200. Let l = o - k. What is the greatest common factor of 96 and l?
12
Let c = 169 + -165. Suppose v = -c + 52. Let f be 78/5 - 8/(-20). What is the greatest common divisor of v and f?
16
Let d(z) = -81*z**2 - 171*z + 1. Let n be d(-2). Let j = 16 + -4. Let p(a) = a**2 - 3*a - 13. Let f be p(j). Calculate the highest common factor of f and n.
19
Let g(y) = -55*y + 23. Let l be (-135)/(-10)*5/((-30)/4). Let x be g(l). What is the highest common divisor of 14 and x?
14
Let y(k) = k**3 - k**2 + 2*k + 3. Let s be y(0). Suppose 0 = -2*m + 4*a + 20 + 38, -m + 28 = -a. What is the greatest common divisor of s and m?
3
Suppose -11*a + 4442 = 174. What is the highest common factor of 97 and a?
97
Suppose -28*y - 9 = -27*y, -5*y + 1723 = 4*u. What is the greatest common factor of 578 and u?
34
Suppose s - 3*s = -66. Let x = s - 28. Suppose 3*w = -4*v + 154, -2*w - w = -x*v - 145. Calculate the highest common divisor of 10 and w.
10
Suppose -23*o - 134 = -j - 28*o, -j + 136 = 4*o. What is the highest common divisor of j and 8712?
72
Suppose -27252 = -4*f + 5*a, 6*f - 26*a - 40878 = -21*a. What is the highest common divisor of 9 and f?
9
Suppose -19*z - 17*z + 24*z = -7668. Calculate the highest common factor of z and 1633.
71
Let y be 1806/344 - (9/4 + -1) - -270. Calculate the highest common factor of y and 3425.
137
Let m = 151 - 146. Suppose 5*a + m*b = 790, 4*a - a - 4*b = 488. What is the greatest common factor of 20 and a?
20
Suppose 637*k - 3780 = 601*k. Let o = 3 - 2. Let p be (-132)/(-9) + o/3. What is the greatest common divisor of k and p?
15
Let g(f) = -23*f + 538. Let v be g(22). What is the highest common divisor of v and 388?
4
Let a(g) = -g**3 - 16*g**2 - 18*g + 19. Let o be a(-15). Suppose -o = -4*y - 52. Let h be (y + -5)*((-3)/2)/3. Calculate the greatest common factor of 17 and h.
1
Let v be ((-2)/10)/((-26)/130)*823. Let i = v - 803. Suppose -5*j - 5*x = -15, -3*j + 23 = x - 5*x. What is the greatest common divisor of j and i?
5
Let w be 12/((-9)/5 + 2). Let u(v) = v**2 + 8*v + 11. Let o be u(0). Let y be 8 + o - (-3 + -2). Calculate the highest common divisor of w and y.
12
Suppose -4*u - 4*g + 1692 = 0, 182*u - 181*u - 427 = 3*g. Suppose 5*k - 2*j - 38 = 0, 0*j + 10 = k + 2*j. What is the greatest common divisor of u and k?
8
Let v be (-3 + 4)/(-1) + 0. Let t be ((-36)/((-10)/(-5)))/v. What is the highest common factor of 30 and t?
6
Suppose -6685 = -263*p + 6465. Calculate the greatest common factor of p and 17850.
50
Let j be ((-6111)/(-5432))/(1/48). Let t be (116/8)/(2/20). Suppose -a + 71 = -t. What is the highest common divisor of a and j?
54
Let b(l) be the first derivative of -l**4/4 + l**3 - l**2/2 + 26*l + 52. Let d be b(4). What is the greatest common factor of d and 264?
6
Let c be 10 - 126/7 - -3648. What is the greatest common divisor of c and 104?
104
Let k = -139 - -142. Suppose -2*x - o = k*o - 34, 65 = 4*x + 5*o. Suppose 0 = -c - 0*c + 3. Calculate the highest common factor of c and x.
3
Suppose 270 = -0*h + 2*h. Calculate the greatest common factor of 585 and h.
45
Suppose 4108*a - 4132*a + 232368 = 0. What is the greatest common divisor of a and 658?
94
Suppose -4*j + 20 = -n - 11, 0 = -4*j + 3*n + 37. Suppose -371 = -3*h - 140. Calculate the greatest common divisor of j and h.
7
Suppose -3 = -3*x, -2*x - 11 = 25*g - 24*g - 49. Suppose -2*t = -70 - 2. Calculate the greatest common divisor of t and g.
36
Let c be 9/(-2)*(-15)/(-20)*7216/(-198). Calculate the highest common factor of 1968 and c.
123
Let g = -18 + 19. Let m be (g + -41)*9/(-18). What is the highest common divisor of m and 100?
20
Suppose -6*q - 2 = -7*q. Suppose 11*h + 2*h = 0. Suppose h*i + 26 = q*i. What is the highest common factor of i and 13?
13
Let w = -105 - -135. Let m = 1